 -7*w + 30*w - 5313 = 0. Let i = w - 227. What is h(i)?
1
Suppose -2*p = c - 12, 3*p - 2*c = 15 + 17. Suppose 4*t = 2*t - p. Let d(o) = -o**2 - o + 6. Calculate d(t).
-6
Let y(g) = 2*g**2. Let w(o) = -3*o**2 + 8*o + 1. Let a be (16/(-10) + 2)*-5. Let t(x) = a*y(x) - w(x). What is t(-4)?
15
Let s(t) be the second derivative of -t**5/60 + 5*t**4/12 - t**3/2 + 41*t**2/2 - 22*t + 2. Let n(k) be the first derivative of s(k). Determine n(10).
-3
Let g(u) be the second derivative of -1/6*u**3 + 1 - 29*u + 5/2*u**2. Let p(z) = z**3 - 5*z**2. Let r be p(5). Give g(r).
5
Let g be 168/6 + -3 + -2 + 2. Suppose 0 = 7*c - g - 3. Let u(x) be the third derivative of -x**6/120 + x**5/10 - 5*x**4/24 - 2*x**3/3 - x**2. Determine u(c).
8
Let c(o) = 2*o**3 - 23*o**2 - o. Let m(r) = 9*r**3 - 81*r**2 - 2*r - 11. Let f(p) = 4*c(p) - m(p). Determine f(-11).
33
Let t be 14*(1/2)/(-8 + 9). Suppose 4*h + 31 = 5*f, 3*h = -f + t*h + 19. Let c(u) = u**3 - 2*u**2 - 2*u - f + 6*u**2 + 2*u**2 - 2*u**2. Determine c(-4).
5
Suppose 17*u - 140 = -11*u. Suppose -3*t = u*f - 13, t + 2*t - f - 37 = 0. Let o(g) = -g**3 + 10*g**2 + 11*g - 8. Determine o(t).
-8
Let g = 16400 - 16393. Let l(t) = -t**3 + 10*t**2 - 6*t - 20. Calculate l(g).
85
Let w(m) be the third derivative of 0 - 1/6*m**3 + 1/24*m**4 - 19*m**2 - 1/60*m**5 + 0*m + 1/360*m**6. Let v(u) be the first derivative of w(u). What is v(5)?
16
Suppose -253*f = -252*f - 9. Let v(d) be the first derivative of -10 + 13*d + d**2 - 21*d - 10. Calculate v(f).
10
Suppose 5*l - o - 2 = 0, -3*l + 5*l = -4*o - 8. Let i(y) = 11 - 2*y - 12 + 5*y + l*y. What is i(6)?
17
Let a(p) be the first derivative of 0*p**3 + 0*p - 25 - 1/120*p**6 + 9/2*p**2 + 1/15*p**5 - 1/6*p**4. Let v(w) be the second derivative of a(w). Calculate v(3).
-3
Let v(g) = -g + 22. Suppose -6*c - 4*x - 8 = -2*c, 5*c + 2*x = 2. Suppose -2*l = 10*l - c*l. Give v(l).
22
Let b(a) = 3*a**3 - 6*a**2 - 290*a + 585. Let h be b(2). Let y(j) be the first derivative of j**3/3 - 4*j**2 - 2. Give y(h).
-15
Let i(a) = -262. Let o(u) = -3*u**2 + 2*u - 1573. Let s(y) = 6*i(y) - o(y). Let p(c) = -c. Let l be p(-1). Calculate s(l).
2
Let x(o) = o**2 + 17*o - 65. Let i = 2710 - 2730. Determine x(i).
-5
Let m = 26052 - 26050. Let h(l) be the first derivative of -46 - m*l - 1/2*l**2. What is h(4)?
-6
Suppose b - 135 = -4*b. Let r be -3 - b/(-12) - (-165)/12. Let n(w) = w**3 - 13*w**2 - 1. What is n(r)?
-1
Suppose -g - 88 = -5*g + 2*u, -2 = u. Let m(p) = 88*p - g*p - 1 - 19*p - 28*p. Give m(1).
19
Suppose 14*d + 5*o + 2 = 17*d, -3*o = -5*d - 34. Let t(f) = -7*f - 83. Give t(d).
-6
Let m(n) = -n**3 - 4*n**2 - 3*n - 3. Let l = -98 - -57. Suppose -5*y - 2*i - 225 = 0, 5*i + 6 = -19. Let g = y - l. Calculate m(g).
-5
Let i(r) = 3*r**2 + 22584*r**3 - 46*r**2 - 22587*r**3 - 30 - 16*r. Calculate i(-14).
-2
Let j(p) = -2*p - 7. Let m be (-11)/(-22) - (-3)/(18/(-15)). Let i(n) = -2*n - 5. Let k(v) = m*j(v) + 3*i(v). Determine k(-8).
15
Let m(w) = 4*w**2 - 2*w**2 + 5*w**2 - 9*w**2. Let z be (91/(-21) - -5)*3/1. What is m(z)?
-8
Let z(v) = -v**3 - 25*v**2 + 1245*v - 264. Let c be z(-50). Let b(n) = n**3 + 14*n**2 + 2*n + 2. Give b(c).
-26
Let g(v) = 10*v + 160. Let b(w) = -2*w. Let j(z) = -10*b(z) - g(z). Calculate j(17).
10
Let n(q) = -q**3 + 18*q**2 - 16*q - 25. Suppose 5*i + 20*f = 21*f + 80, -5*i - 2*f = -95. Give n(i).
-8
Let k(a) = -a**3 + 9*a**2 - 3*a + 13. Suppose -3*o + 0*i + 5*i = -7, -4*o = -2*i + 14. Let j be 3 - 12*(o/(-3))/(-4). What is k(j)?
-14
Let k(n) = -20*n - 26. Let t be k(-16). Let f = 291 - t. Let a(b) = 9*b + 3. What is a(f)?
-24
Let u(h) = -5*h**2 - h. Let s(x) = 4*x**2 + x. Let y(q) = 4*s(q) + 3*u(q). Let v be 10*(-13)/((-65)/(-6)). Let a be 36/(-45) + v/10. Determine y(a).
2
Suppose -3*w - 154 + 34 = 3*w. Let y(t) = -2*t**2 - 37*t + 67. Calculate y(w).
7
Let x(g) be the first derivative of -1/2*g**4 + 10 + 1/20*g**5 + 1/3*g**3 + 2*g**2 - 17*g. Let m(u) be the first derivative of x(u). What is m(5)?
-11
Let s(f) = 4295 - 4298 + 0*f + 5*f - 3*f**2 + 0*f. Suppose -4 = 2*n - 10. Determine s(n).
-15
Let v = -6033 + 6028. Let j(k) = k**3 + 2*k**2 - 2*k + 1. Give j(v).
-64
Let w(c) = c + 6. Let m be w(-6). Let v(z) = -19*z - 8. Let j be (0 + (-18)/(-21))/(16/112). Let g(k) = -23*k - 8. Let u(d) = j*v(d) - 5*g(d). Determine u(m).
-8
Let d be 793/(-65) + 12 + 6/5. Let g(o) = -10*o - 1. Calculate g(d).
-11
Let p(i) = -390*i - 39. Let a(m) = 30*m + 3. Let q(c) = -27*a(c) - 2*p(c). Determine q(-2).
57
Let d(o) = -31*o**2 - 16*o - 71. Let a(r) = 129*r**2 + 65*r + 297. Let p(i) = 6*a(i) + 25*d(i). Let b(k) = -2*k - 1. Let h be b(5). What is p(h)?
-4
Let q(b) = -b - 8. Let x(y) = 2*y**2 + 7*y + 7. Let g be x(-3). Suppose -5*n - 5 = 15, 12 = g*r - 3*n. Suppose 62*h - 57*h + 25 = r. Give q(h).
-3
Let m be (4 - 3) + (-7)/1. Let l(w) = -w**2 - 5. Let u(b) = -b**2 - b - 4. Let k(i) = m*u(i) + 5*l(i). Suppose 92*s + 79*s + 855 = 0. What is k(s)?
-6
Suppose 4*m = m - 3*m - 186. Let s(t) = -t**3 - 30*t**2 + 32*t + 40. Calculate s(m).
9
Let b(j) = -2*j**2 + 33*j + 46. Let a = 1650 - 1633. Determine b(a).
29
Let x(s) = s**2 + 6*s + 4. Let u be x(-6). Suppose -52*h + 22 = -41*h. Let k(r) = -3 + 5*r**2 - 7*r**2 + 2*r**2 - 4*r + r**h. Give k(u).
-3
Suppose -3*w - 31 = -z, 41*w - 39*w = -z - 19. Let l(g) be the second derivative of g**5/20 + 11*g**4/12 + 3*g**3/2 - 2*g**2 + g. What is l(w)?
6
Let c(y) = -y**2 + 9*y + 2. Let r(h) = -h + 89. Let x(o) = -3*o + 88. Let b(l) = -2*r(l) + 3*x(l). Let d be b(11). Calculate c(d).
2
Let d(o) = -888 + 291 + 2*o**2 + 301 + 291 - 6*o + o**3. Calculate d(-3).
4
Let g(d) = 49*d**2 + 41*d. Let x(b) = -22*b**2 - 21*b + 1. Let j(z) = 4*g(z) + 9*x(z). Calculate j(-13).
-4
Let y(k) = 4*k + 4. Let w = 88 + -83. Let x = 0 - w. What is y(x)?
-16
Let g = 5 - 2. Let v(x) be the third derivative of -x**5/60 + x**4/24 - x**3/3 + x**2 + 51. Determine v(g).
-8
Let f(d) = -d**2 + 9*d - 4. Suppose -3*j + 3*q - 30 - 18 = 0, 3*q - 63 = 4*j. Let v be -32 - (20/j)/(4/6). Let z = v + 37. Determine f(z).
10
Let i(w) = 2*w**2 + 64*w + 64. Let u be i(-31). Let q(a) = 8 - 10*a + 3*a + 5*a + u + 6. What is q(11)?
-6
Let h(c) = -25*c**2 - c + 1. Let p(t) = -2*t**2 - 7*t + 8. Let g be p(4). Let x = -41 - g. Suppose -7 = 2*a - 4*r + x, 5*r = 25. Calculate h(a).
-25
Let s = 12474 + -12483. Let i(b) = -b**3 - 9*b**2 - 3*b - 20. Calculate i(s).
7
Let p = 97 + -93. Suppose -p*r - 3*j + 11 = 0, r = -2*r - j + 12. Let m(v) = -275 - r*v + 3*v + 4*v + 272. Calculate m(2).
1
Let a(i) be the first derivative of -1/12*i**4 + 0*i + i**3 + 7*i**2 - 2. Let f(l) be the second derivative of a(l). Give f(4).
-2
Let t(h) = h**3 - 5*h**2 + 3*h - 6. Let g(i) be the first derivative of 4*i**3/3 - 47*i**2 - 43*i + 195. Let n be g(24). Give t(n).
9
Suppose -105 = 6*a - 21*a. Let z(b) = -1 - 5 - a*b + 0. Let f(x) = 3*x + 3. Let v(q) = 5*f(q) + 2*z(q). Calculate v(-2).
1
Let a be (-1)/(-2)*(0 - -2). Suppose 0 = 19*m - 15*m + c - 1347, -2*m + 2*c = -666. Let v(f) = -339*f - 10*f**3 + 2*f**2 - 1 - m*f + 675*f. What is v(a)?
-9
Suppose 7*i = 138246 - 38846. Let f(a) = 2*a**2 + 14198 + 2*a**3 - 3*a**3 - i + 6*a. Determine f(4).
-10
Suppose 5*x = 6*x - 65. Suppose 5*y = -3*j + 25, x*y - 67*y - 2 = 0. Let i(v) = v**2 - 10*v - 2. What is i(j)?
-2
Suppose 19 = 5*k - 2*z, -231*z + 234*z - 31 = -k. Let s(g) = g**2 + 7 - 7*g + 1 + 0*g**2. What is s(k)?
8
Let q(c) = 86*c**2 + 52*c + 21. Let t(k) = 69*k**2 + 53*k + 21. Let z(b) = 4*q(b) - 5*t(b). What is z(-57)?
-21
Let j(w) = -3*w - 2. Let k = -12 + 15. Suppose 0 = 3*b + k*a - 6, 2*b + b + a - 8 = 0. Suppose -2*o + b*o + 5*y + 23 = 0, 0 = 3*o + 4*y + 25. Give j(o).
7
Let d(z) = -z**2 + z + 1. Suppose -2 = 23*a - 21*a. Let p(c) = -3*c**2 + 15*c - 2. Let q(h) = a*p(h) + 4*d(h). Calculate q(-12).
-6
Let k(p) be the second derivative of -p**3 + 5*p**2 - 391*p. Give k(7).
-32
Suppose 0 = -7*m + 13*m - 360. Suppose 0 = -0*j + 15*j - m. Let z(h) = -4 + 3 + 0 - h. Calculate z(j).
-5
Suppose 0 = 35*b + 333 - 263. Let t(x) = x**3 - 6*x**2 - 8*x - 4. Calculate t(b).
-20
Let q(s) = -18*s - 1741 - 1729 + 5*s + 3449. Give q(-2).
5
Let z(j) be the second derivative of 1/2*j**2 - 19*j + 2 + 2*j**3. Calculate z(-2).
-23
Let z(d) = -2*d - 11. Let l be -11*(-4)/(132/9). Suppose 96 = -l*o + 81. Determin